{"id":110,"date":"2024-04-19T14:31:49","date_gmt":"2024-04-19T13:31:49","guid":{"rendered":"https:\/\/www.academyelite.store\/?page_id=110"},"modified":"2025-04-26T15:54:56","modified_gmt":"2025-04-26T14:54:56","slug":"jazyky-zive-s-academy-elite","status":"publish","type":"page","link":"https:\/\/www.academyelite.store\/studium\/aktualni-informace\/sample-page\/jazyky-zive-s-academy-elite\/","title":{"rendered":"\u00daVOD"},"content":{"rendered":"\n<p><strong>Jazykov\u00e1 \u0161kola s pr\u00e1vem st\u00e1tn\u00ed jazykov\u00e9 zkou\u0161ky<\/strong>&nbsp;<strong>Academy Elite<\/strong>&nbsp;<strong>s.r.o.<\/strong>&nbsp;byla zalo\u017eena v roce 2010.<\/p>\n\n\n\n<figure class=\"wp-block-image size-large\"><img loading=\"lazy\" decoding=\"async\" width=\"1024\" height=\"309\" src=\"https:\/\/www.academyelite.store\/wp-content\/uploads\/2024\/04\/1794970541-1024x309.jpg\" alt=\"\" class=\"wp-image-77\" srcset=\"https:\/\/www.academyelite.store\/wp-content\/uploads\/2024\/04\/1794970541-1024x309.jpg 1024w, https:\/\/www.academyelite.store\/wp-content\/uploads\/2024\/04\/1794970541-300x91.jpg 300w, https:\/\/www.academyelite.store\/wp-content\/uploads\/2024\/04\/1794970541-768x232.jpg 768w, https:\/\/www.academyelite.store\/wp-content\/uploads\/2024\/04\/1794970541-1536x464.jpg 1536w, https:\/\/www.academyelite.store\/wp-content\/uploads\/2024\/04\/1794970541.jpg 2000w\" sizes=\"auto, (max-width: 1024px) 100vw, 1024px\" \/><\/figure>\n\n\n\n<p>Disponujeme akreditac\u00ed Ministerstva \u0161kolstv\u00ed, ml\u00e1de\u017ee a t\u011blov\u00fdchovy.<br>Po ukon\u010den\u00ed kurzu obdr\u017e\u00ed ka\u017ed\u00fd \u00fasp\u011b\u0161n\u00fd student <strong>osv\u011bd\u010den\u00ed o absolvov\u00e1n\u00ed kurzu<\/strong>. V p\u0159\u00edpad\u011b \u00fasp\u011b\u0161n\u00e9ho slo\u017een\u00ed st\u00e1tn\u00edch zkou\u0161ek garantovan\u00fdch Ministerstvem \u0161kolstv\u00ed, ml\u00e1de\u017ee a t\u011blov\u00fdchovy z\u00edsk\u00e1 tak\u00e9 <strong>vysv\u011bd\u010den\u00ed o st\u00e1tn\u00ed jazykov\u00e9 zkou\u0161ce<\/strong>.<\/p>\n\n\n\n<p>Na\u0161e \u0161kola je zam\u011b\u0159ena na v\u00fduku evropsk\u00fdch jazyk\u016f \u2013 p\u0159edev\u0161\u00edm angli\u010dtiny, n\u011bm\u010diny a \u010de\u0161tiny pro cizince.<br>Klademe zvl\u00e1\u0161tn\u00ed d\u016fraz na v\u00fduku \u010desk\u00e9ho jazyka pro cizince, kter\u00e9 p\u0159ipravujeme na zkou\u0161ky pro p\u0159ijet\u00ed na \u010desk\u00e9 \u0161koly.<br>Organizujeme tak\u00e9 kurzy s odborn\u00fdm zam\u011b\u0159en\u00edm pro zahrani\u010dn\u00ed studenty, jejich\u017e c\u00edlem je studium na vysok\u00fdch \u0161kol\u00e1ch v \u010cesk\u00e9 republice.<\/p>\n\n\n\n<p>V nab\u00eddce <strong>Academy Elite<\/strong> naleznete jak firemn\u00ed kurzy \u2013 skupinov\u00e9 i individu\u00e1ln\u00ed \u2013, tak i kurzy pro ve\u0159ejnost, v\u010detn\u011b \u0161irok\u00e9ho v\u00fdb\u011bru kurz\u016f v zahrani\u010dn\u00edch jazykov\u00fdch \u0161kol\u00e1ch.<\/p>\n\n\n\n<p>Kurzy vedou odborn\u011b vzd\u011blan\u00ed lekto\u0159i, kte\u0159\u00ed vyu\u017e\u00edvaj\u00ed modern\u00ed metody v\u00fduky a zaru\u010duj\u00ed profesion\u00e1ln\u00ed p\u0159\u00edstup.<br>\u0160kola je vybavena ve\u0161kerou pot\u0159ebnou technikou pro pohodln\u00fd a efektivn\u00ed pr\u016fb\u011bh studia. Vyu\u017e\u00edv\u00e1me nejnov\u011bj\u0161\u00edch metod a poznatk\u016f v oblasti vzd\u011bl\u00e1v\u00e1n\u00ed.<br>Student\u016fm, kte\u0159\u00ed se budou zodpov\u011bdn\u011b p\u0159ipravovat na v\u00fduku, garantujeme maxim\u00e1ln\u00ed pokrok v jazyce b\u011bhem studijn\u00edho obdob\u00ed.<\/p>\n\n\n\n<div class=\"wp-block-group\"><div class=\"wp-block-group__inner-container is-layout-constrained wp-block-group-is-layout-constrained\">\n<figure class=\"wp-block-gallery has-nested-images columns-default is-cropped wp-block-gallery-1 is-layout-flex wp-block-gallery-is-layout-flex\">\n<figure class=\"wp-block-image size-large\"><img loading=\"lazy\" decoding=\"async\" width=\"768\" height=\"1024\" data-id=\"217\" src=\"https:\/\/www.academyelite.store\/wp-content\/uploads\/2024\/09\/34_54-768x1024.jpg\" alt=\"\" class=\"wp-image-217\" srcset=\"https:\/\/www.academyelite.store\/wp-content\/uploads\/2024\/09\/34_54-768x1024.jpg 768w, https:\/\/www.academyelite.store\/wp-content\/uploads\/2024\/09\/34_54-225x300.jpg 225w, https:\/\/www.academyelite.store\/wp-content\/uploads\/2024\/09\/34_54-1152x1536.jpg 1152w, https:\/\/www.academyelite.store\/wp-content\/uploads\/2024\/09\/34_54-1536x2048.jpg 1536w, https:\/\/www.academyelite.store\/wp-content\/uploads\/2024\/09\/34_54.jpg 1620w\" sizes=\"auto, (max-width: 768px) 100vw, 768px\" \/><\/figure>\n\n\n\n<figure class=\"wp-block-image size-large\"><img loading=\"lazy\" decoding=\"async\" width=\"768\" height=\"1024\" data-id=\"219\" src=\"https:\/\/www.academyelite.store\/wp-content\/uploads\/2024\/09\/35_32-768x1024.jpg\" alt=\"\" class=\"wp-image-219\" srcset=\"https:\/\/www.academyelite.store\/wp-content\/uploads\/2024\/09\/35_32-768x1024.jpg 768w, https:\/\/www.academyelite.store\/wp-content\/uploads\/2024\/09\/35_32-225x300.jpg 225w, https:\/\/www.academyelite.store\/wp-content\/uploads\/2024\/09\/35_32-1152x1536.jpg 1152w, https:\/\/www.academyelite.store\/wp-content\/uploads\/2024\/09\/35_32-1536x2048.jpg 1536w, https:\/\/www.academyelite.store\/wp-content\/uploads\/2024\/09\/35_32.jpg 1620w\" sizes=\"auto, (max-width: 768px) 100vw, 768px\" \/><\/figure>\n\n\n\n<figure class=\"wp-block-image size-large\"><img loading=\"lazy\" decoding=\"async\" width=\"768\" height=\"1024\" data-id=\"218\" src=\"https:\/\/www.academyelite.store\/wp-content\/uploads\/2024\/09\/36_15-768x1024.jpg\" alt=\"\" class=\"wp-image-218\" srcset=\"https:\/\/www.academyelite.store\/wp-content\/uploads\/2024\/09\/36_15-768x1024.jpg 768w, https:\/\/www.academyelite.store\/wp-content\/uploads\/2024\/09\/36_15-225x300.jpg 225w, https:\/\/www.academyelite.store\/wp-content\/uploads\/2024\/09\/36_15-1152x1536.jpg 1152w, https:\/\/www.academyelite.store\/wp-content\/uploads\/2024\/09\/36_15-1536x2048.jpg 1536w, https:\/\/www.academyelite.store\/wp-content\/uploads\/2024\/09\/36_15.jpg 1620w\" sizes=\"auto, (max-width: 768px) 100vw, 768px\" \/><\/figure>\n\n\n\n<figure class=\"wp-block-image size-large\"><img loading=\"lazy\" decoding=\"async\" width=\"768\" height=\"1024\" data-id=\"220\" src=\"https:\/\/www.academyelite.store\/wp-content\/uploads\/2024\/09\/IMG_4078-768x1024.jpg\" alt=\"\" class=\"wp-image-220\" srcset=\"https:\/\/www.academyelite.store\/wp-content\/uploads\/2024\/09\/IMG_4078-768x1024.jpg 768w, https:\/\/www.academyelite.store\/wp-content\/uploads\/2024\/09\/IMG_4078-225x300.jpg 225w, https:\/\/www.academyelite.store\/wp-content\/uploads\/2024\/09\/IMG_4078-1152x1536.jpg 1152w, https:\/\/www.academyelite.store\/wp-content\/uploads\/2024\/09\/IMG_4078-1536x2048.jpg 1536w, https:\/\/www.academyelite.store\/wp-content\/uploads\/2024\/09\/IMG_4078-scaled.jpg 1920w\" sizes=\"auto, (max-width: 768px) 100vw, 768px\" \/><\/figure>\n\n\n\n<figure class=\"wp-block-image size-large\"><img loading=\"lazy\" decoding=\"async\" width=\"768\" height=\"1024\" data-id=\"221\" src=\"https:\/\/www.academyelite.store\/wp-content\/uploads\/2024\/09\/IMG_4079-768x1024.jpg\" alt=\"\" class=\"wp-image-221\" srcset=\"https:\/\/www.academyelite.store\/wp-content\/uploads\/2024\/09\/IMG_4079-768x1024.jpg 768w, https:\/\/www.academyelite.store\/wp-content\/uploads\/2024\/09\/IMG_4079-225x300.jpg 225w, https:\/\/www.academyelite.store\/wp-content\/uploads\/2024\/09\/IMG_4079-1152x1536.jpg 1152w, https:\/\/www.academyelite.store\/wp-content\/uploads\/2024\/09\/IMG_4079-1536x2048.jpg 1536w, https:\/\/www.academyelite.store\/wp-content\/uploads\/2024\/09\/IMG_4079-scaled.jpg 1920w\" sizes=\"auto, (max-width: 768px) 100vw, 768px\" \/><\/figure>\n\n\n\n<figure class=\"wp-block-image size-large\"><img loading=\"lazy\" decoding=\"async\" width=\"768\" height=\"1024\" data-id=\"222\" src=\"https:\/\/www.academyelite.store\/wp-content\/uploads\/2024\/09\/IMG_4080-768x1024.jpg\" alt=\"\" class=\"wp-image-222\" srcset=\"https:\/\/www.academyelite.store\/wp-content\/uploads\/2024\/09\/IMG_4080-768x1024.jpg 768w, https:\/\/www.academyelite.store\/wp-content\/uploads\/2024\/09\/IMG_4080-225x300.jpg 225w, https:\/\/www.academyelite.store\/wp-content\/uploads\/2024\/09\/IMG_4080-1152x1536.jpg 1152w, https:\/\/www.academyelite.store\/wp-content\/uploads\/2024\/09\/IMG_4080-1536x2048.jpg 1536w, https:\/\/www.academyelite.store\/wp-content\/uploads\/2024\/09\/IMG_4080-scaled.jpg 1920w\" sizes=\"auto, (max-width: 768px) 100vw, 768px\" \/><\/figure>\n\n\n\n<figure class=\"wp-block-image size-large\"><img loading=\"lazy\" decoding=\"async\" width=\"768\" height=\"1024\" data-id=\"223\" src=\"https:\/\/www.academyelite.store\/wp-content\/uploads\/2024\/09\/IMG_4081-768x1024.jpg\" alt=\"\" class=\"wp-image-223\" srcset=\"https:\/\/www.academyelite.store\/wp-content\/uploads\/2024\/09\/IMG_4081-768x1024.jpg 768w, https:\/\/www.academyelite.store\/wp-content\/uploads\/2024\/09\/IMG_4081-225x300.jpg 225w, https:\/\/www.academyelite.store\/wp-content\/uploads\/2024\/09\/IMG_4081-1152x1536.jpg 1152w, https:\/\/www.academyelite.store\/wp-content\/uploads\/2024\/09\/IMG_4081-1536x2048.jpg 1536w, https:\/\/www.academyelite.store\/wp-content\/uploads\/2024\/09\/IMG_4081-scaled.jpg 1920w\" sizes=\"auto, (max-width: 768px) 100vw, 768px\" \/><\/figure>\n<\/figure>\n<\/div><\/div>\n","protected":false},"excerpt":{"rendered":"<p>Jazykov\u00e1 \u0161kola s pr\u00e1vem st\u00e1tn\u00ed jazykov\u00e9 zkou\u0161ky&nbsp;Academy Elite&nbsp;s.r.o.&nbsp;byla zalo\u017eena v roce 2010. Disponujeme akreditac\u00ed Ministerstva \u0161kolstv\u00ed, ml\u00e1de\u017ee a t\u011blov\u00fdchovy.Po ukon\u010den\u00ed &hellip; <\/p>\n","protected":false},"author":1,"featured_media":0,"parent":2,"menu_order":1,"comment_status":"closed","ping_status":"closed","template":"","meta":{"_locale":"cs_CZ","_original_post":"https:\/\/www.academyelite.store\/?page_id=110","footnotes":""},"class_list":["post-110","page","type-page","status-publish","hentry","cs-CZ"],"aioseo_notices":[],"_links":{"self":[{"href":"https:\/\/www.academyelite.store\/studium\/aktualni-informace\/wp-json\/wp\/v2\/pages\/110","targetHints":{"allow":["GET"]}}],"collection":[{"href":"https:\/\/www.academyelite.store\/studium\/aktualni-informace\/wp-json\/wp\/v2\/pages"}],"about":[{"href":"https:\/\/www.academyelite.store\/studium\/aktualni-informace\/wp-json\/wp\/v2\/types\/page"}],"author":[{"embeddable":true,"href":"https:\/\/www.academyelite.store\/studium\/aktualni-informace\/wp-json\/wp\/v2\/users\/1"}],"replies":[{"embeddable":true,"href":"https:\/\/www.academyelite.store\/studium\/aktualni-informace\/wp-json\/wp\/v2\/comments?post=110"}],"version-history":[{"count":18,"href":"https:\/\/www.academyelite.store\/studium\/aktualni-informace\/wp-json\/wp\/v2\/pages\/110\/revisions"}],"predecessor-version":[{"id":574,"href":"https:\/\/www.academyelite.store\/studium\/aktualni-informace\/wp-json\/wp\/v2\/pages\/110\/revisions\/574"}],"up":[{"embeddable":true,"href":"https:\/\/www.academyelite.store\/studium\/aktualni-informace\/wp-json\/wp\/v2\/pages\/2"}],"wp:attachment":[{"href":"https:\/\/www.academyelite.store\/studium\/aktualni-informace\/wp-json\/wp\/v2\/media?parent=110"}],"curies":[{"name":"wp","href":"https:\/\/api.w.org\/{rel}","templated":true}]}}