{"id":32,"date":"2024-04-16T16:17:17","date_gmt":"2024-04-16T16:17:17","guid":{"rendered":"https:\/\/www.academyelite.store\/?page_id=32"},"modified":"2026-01-08T20:55:50","modified_gmt":"2026-01-08T19:55:50","slug":"kontakt","status":"publish","type":"page","link":"https:\/\/www.academyelite.store\/studium\/aktualni-informace\/kontakt\/","title":{"rendered":"KONTAKT"},"content":{"rendered":"\n<figure class=\"wp-block-image size-large is-resized\"><img loading=\"lazy\" decoding=\"async\" width=\"1024\" height=\"451\" src=\"https:\/\/www.academyelite.store\/wp-content\/uploads\/2024\/04\/573072278-1024x451.jpg\" alt=\"\" class=\"wp-image-59\" style=\"width:354px;height:auto\" srcset=\"https:\/\/www.academyelite.store\/wp-content\/uploads\/2024\/04\/573072278-1024x451.jpg 1024w, https:\/\/www.academyelite.store\/wp-content\/uploads\/2024\/04\/573072278-300x132.jpg 300w, https:\/\/www.academyelite.store\/wp-content\/uploads\/2024\/04\/573072278-768x338.jpg 768w, https:\/\/www.academyelite.store\/wp-content\/uploads\/2024\/04\/573072278-1536x676.jpg 1536w, https:\/\/www.academyelite.store\/wp-content\/uploads\/2024\/04\/573072278.jpg 2000w\" sizes=\"auto, (max-width: 1024px) 100vw, 1024px\" \/><\/figure>\n\n\n\n<p class=\"has-text-align-left\">Jazykov\u00e1 \u0161kola s pr\u00e1vem st\u00e1tn\u00ed jazykov\u00e9 zkou\u0161ky Academy Elite s.r.o.<\/p>\n\n\n\n<p><strong>Studijn\u00ed odd\u011blen\u00ed:<\/strong> <\/p>\n\n\n\n<p>Starochodovsk\u00e1 1360\/78 149 00 Praha 11 &#8211; Chodov<br><strong>Tel.: +420 777 759 913, 777 982 045<br><\/strong>E-mail:&nbsp;<a href=\"mailto:info@academyelite.org\">info@academyelite.org<\/a>; <a href=\"mailto:info@academyelite.org\">sekretariat@academyelite.org<\/a><\/p>\n\n\n\n<div class=\"wp-block-group\"><div class=\"wp-block-group__inner-container is-layout-constrained wp-block-group-is-layout-constrained\">\n<div class=\"wp-block-columns is-layout-flex wp-container-core-columns-is-layout-9d6595d7 wp-block-columns-is-layout-flex\">\n<div class=\"wp-block-column is-layout-flow wp-block-column-is-layout-flow\" style=\"flex-basis:100%\">\n<figure class=\"wp-block-gallery has-nested-images columns-default is-cropped wp-block-gallery-1 is-layout-flex wp-block-gallery-is-layout-flex\">\n<figure class=\"wp-block-image size-large\"><img loading=\"lazy\" decoding=\"async\" width=\"768\" height=\"576\" data-id=\"631\" src=\"https:\/\/www.academyelite.store\/wp-content\/uploads\/2025\/07\/DJI_0034-768x576-1.jpg\" alt=\"\" class=\"wp-image-631\" srcset=\"https:\/\/www.academyelite.store\/wp-content\/uploads\/2025\/07\/DJI_0034-768x576-1.jpg 768w, https:\/\/www.academyelite.store\/wp-content\/uploads\/2025\/07\/DJI_0034-768x576-1-300x225.jpg 300w\" sizes=\"auto, (max-width: 768px) 100vw, 768px\" \/><\/figure>\n\n\n\n<figure class=\"wp-block-image size-large\"><img loading=\"lazy\" decoding=\"async\" width=\"768\" height=\"1024\" data-id=\"619\" src=\"https:\/\/www.academyelite.store\/wp-content\/uploads\/2025\/07\/PHOTO-2025-07-24-13-01-00-768x1024.jpg\" alt=\"\" class=\"wp-image-619\" srcset=\"https:\/\/www.academyelite.store\/wp-content\/uploads\/2025\/07\/PHOTO-2025-07-24-13-01-00-768x1024.jpg 768w, https:\/\/www.academyelite.store\/wp-content\/uploads\/2025\/07\/PHOTO-2025-07-24-13-01-00-225x300.jpg 225w, https:\/\/www.academyelite.store\/wp-content\/uploads\/2025\/07\/PHOTO-2025-07-24-13-01-00-1152x1536.jpg 1152w, https:\/\/www.academyelite.store\/wp-content\/uploads\/2025\/07\/PHOTO-2025-07-24-13-01-00.jpg 1200w\" sizes=\"auto, (max-width: 768px) 100vw, 768px\" \/><\/figure>\n<\/figure>\n<\/div>\n<\/div>\n<\/div><\/div>\n\n\n\n<p><strong>Kontaktn\u00ed osoba:<\/strong><br>Nat\u00e1lie Vesel\u00e1, Ph. D.<br>GSM.: +420 777 759 913, 777 982 045<\/p>\n\n\n\n<hr class=\"wp-block-separator has-alpha-channel-opacity\"\/>\n\n\n\n<p><strong>Pobo\u010dka Praha (po domluv\u011b):<\/strong><br>Preslova 25, Praha 5<br><strong>Tel.: +420 777 759 913, 777 982 045<\/strong><\/p>\n\n\n\n<p><strong>Pobo\u010dka Most:<\/strong><br>Lomen\u00e1 45, Most<\/p>\n\n\n\n<hr class=\"wp-block-separator has-alpha-channel-opacity\"\/>\n\n\n\n<p><strong>Webov\u00e9 str\u00e1nky:<\/strong> <a href=\"http:\/\/www.academyelite.cz\">http:\/\/www.academyelite.org<\/a><\/p>\n\n\n\n<p><strong>Bankovn\u00ed spojen\u00ed:<\/strong><br>230 1111 512 \/ 2010&nbsp; Fio banka a.s.<br>IBAN: CZ2620100000002301111512<br>BIC FIOBCZPPXXX<br>(Pozn.: p\u0159ed uskute\u010dn\u011bn\u00edm platby kontaktujte v\u017edy p\u0159\u00edslu\u0161n\u00e9 odd\u011blen\u00ed, kde V\u00e1m sd\u011bl\u00ed variabiln\u00ed symbol pro identifikaci platby).<\/p>\n\n\n\n<p><strong>Identifika\u010dn\u00ed \u010d\u00edslo povinn\u00e9ho subjektu (I\u010cO):<\/strong><br>I\u010c: 279 28 501<br>DI\u010c: CZ27928501<\/p>\n\n\n\n<ul class=\"wp-block-social-links has-large-icon-size is-style-logos-only is-layout-flex wp-block-social-links-is-layout-flex\"><\/ul>\n\n\n\n<p><\/p>\n","protected":false},"excerpt":{"rendered":"<p>Jazykov\u00e1 \u0161kola s pr\u00e1vem st\u00e1tn\u00ed jazykov\u00e9 zkou\u0161ky Academy Elite s.r.o. Studijn\u00ed odd\u011blen\u00ed: Starochodovsk\u00e1 1360\/78 149 00 Praha 11 &#8211; ChodovTel.: &hellip; <\/p>\n","protected":false},"author":1,"featured_media":0,"parent":0,"menu_order":11,"comment_status":"closed","ping_status":"closed","template":"","meta":{"_locale":"cs_CZ","_original_post":"https:\/\/www.academyelite.store\/?page_id=32","footnotes":""},"class_list":["post-32","page","type-page","status-publish","hentry","cs-CZ"],"aioseo_notices":[],"_links":{"self":[{"href":"https:\/\/www.academyelite.store\/studium\/aktualni-informace\/wp-json\/wp\/v2\/pages\/32","targetHints":{"allow":["GET"]}}],"collection":[{"href":"https:\/\/www.academyelite.store\/studium\/aktualni-informace\/wp-json\/wp\/v2\/pages"}],"about":[{"href":"https:\/\/www.academyelite.store\/studium\/aktualni-informace\/wp-json\/wp\/v2\/types\/page"}],"author":[{"embeddable":true,"href":"https:\/\/www.academyelite.store\/studium\/aktualni-informace\/wp-json\/wp\/v2\/users\/1"}],"replies":[{"embeddable":true,"href":"https:\/\/www.academyelite.store\/studium\/aktualni-informace\/wp-json\/wp\/v2\/comments?post=32"}],"version-history":[{"count":25,"href":"https:\/\/www.academyelite.store\/studium\/aktualni-informace\/wp-json\/wp\/v2\/pages\/32\/revisions"}],"predecessor-version":[{"id":800,"href":"https:\/\/www.academyelite.store\/studium\/aktualni-informace\/wp-json\/wp\/v2\/pages\/32\/revisions\/800"}],"wp:attachment":[{"href":"https:\/\/www.academyelite.store\/studium\/aktualni-informace\/wp-json\/wp\/v2\/media?parent=32"}],"curies":[{"name":"wp","href":"https:\/\/api.w.org\/{rel}","templated":true}]}}